- -153. Suppose -7*h = -i*h - 4879. Is h prime?
False
Suppose -n = 2*d + 3*n - 980, -3*n = -d + 495. Suppose 495*b = d*b + 5181. Is b composite?
True
Let w(h) = -h**2 - 11*h - 10. Let b be w(-5). Suppose 0 = -b*k + 46975 + 32805. Is k composite?
False
Suppose 3*r = 580*c - 585*c + 2577, -2*r = -3*c - 1737. Let t = 69 - -378. Let h = r - t. Is h composite?
True
Let n(l) = -4*l**3 - 25*l**2 - 10*l - 1. Let y be n(-6). Suppose -194667 = -y*r + 59690. Is r prime?
True
Let b = 88086 + -20467. Is b a composite number?
False
Let g = -106 + 75. Let r = g - -31. Is -439*(r - 1 - (3 + -3)) prime?
True
Let x be (0/7)/(-1 + 2). Is ((-76)/(-8) - 1)*(x + 6) prime?
False
Let y(s) = 7544*s + 56. Let w be y(3). Suppose 2*l + w = 2*p, 2*l = -20*p + 24*p - 45370. Is p a prime number?
False
Let j(q) = -2*q**3 + 68*q**2 - 34*q - 10. Is j(24) a prime number?
False
Let n be (1 - (-12)/8)*(-210)/3. Let v = 494 + n. Is v a composite number?
True
Suppose -222*m + 198*m + 11559792 = 0. Is m composite?
True
Suppose 2*l - 7*l = 10. Let w be 904/(-10)*-28 - l/(-10). Let g = -1452 + w. Is g composite?
True
Let l(s) = -56*s**3 - 8*s**2 - 2*s - 3. Let n be l(-4). Let j = n - 1446. Suppose -4*p + 5*w = -j, 5*p - 2*p = -3*w + 1518. Is p prime?
False
Let h = 40232 - 28403. Is h a composite number?
True
Let z be -58 - 16/20*(-15)/6. Let t = z + 65. Is -1*(-5 + t - 1547) a composite number?
False
Suppose 15*z = 25*z - 69920. Suppose 5*x - z = 23993. Is x a composite number?
False
Suppose -t + 0 = -3. Let v be (-2)/t + 5/3. Is 3/v + (0 - 1)*-304 composite?
False
Suppose 3*x = -0*x + 3*s, 2*s = 0. Let w = 17 + -9. Is -4837*2*(x - 4)/w a prime number?
False
Is 12901 - 68/17 - 16 a prime number?
False
Let d = 1217197 - 664284. Is d a prime number?
True
Is ((-230313)/15)/(9/(-45)) prime?
True
Let w be (24/16)/(4/8) - -2. Suppose -5*a = -w*l - 129805, -a = -33*l + 31*l - 25959. Is a a composite number?
True
Suppose -8*p - 749615 = 118*p - 51019709. Is p composite?
False
Is (-125391)/196*2/(-3)*298 prime?
False
Let n = -15616 - -5082. Let d = 37189 + -22402. Let q = n + d. Is q a composite number?
False
Let a(w) = -w**2 + 13*w + 13. Let b(r) = -5*r - 11. Let d be b(-5). Let u be a(d). Is 26/(-8) + u/(-4) + 2848 a composite number?
True
Let c = 61673 - -34436. Is c a composite number?
True
Let p(y) = 37264*y - 3313. Is p(2) prime?
False
Let z(b) = -b**3 + 159*b**2 - 255*b - 529. Is z(100) a prime number?
True
Let y(a) = -7*a**3 - 8*a**2 - 20*a + 1. Suppose 0 = 3*s + 3*r + 3, 21 = -3*s - 19*r + 22*r. Is y(s) composite?
False
Suppose -160*c = -4*s - 165*c + 585456, 3*s + 3*c = 439089. Is s composite?
False
Let l(k) = -3*k**3 - 7*k**2 + 11*k. Let d = -206 - -201. Is l(d) a prime number?
False
Suppose -2*y - n = -307 - 254, -5*n = 4*y - 1113. Suppose u - y = i + 4843, -u - 3*i + 5133 = 0. Is u a prime number?
False
Let o be -4 - (-400)/12 - 2/(-3). Let b = -28 + o. Suppose -2*w = b*z - 380, 2*z + 28 - 390 = 4*w. Is z composite?
True
Let h(g) = 205*g**3 + 17*g**2 + 177*g - 32. Is h(25) a composite number?
False
Suppose -11*j - 2*q - 11006 = -15*j, -3*j - q + 8242 = 0. Is j a composite number?
False
Let b = 81441 - 57680. Is b composite?
False
Let b(c) = -c**3 + 3*c**2 + 14*c - 7. Suppose 12 + 9 = -p. Let a = -30 - p. Is b(a) a composite number?
False
Let x(u) = -1 - 55*u**2 + 116*u**2 - 57*u**2 + 4*u. Suppose -3*n + 4*i - 2*i = 8, 3*n + i + 23 = 0. Is x(n) a composite number?
True
Let a(k) = k**2 + 3*k - 20. Let v be a(9). Let m = v - 84. Suppose 358 + 574 = m*r. Is r a composite number?
False
Let p(g) = 59*g**2 - 3*g - 9. Let t(a) = -6*a**2 + a - 2. Let l(d) = -1. Let s(k) = -4*l(k) + t(k). Let x be s(-1). Is p(x) prime?
True
Let g = -176 + 184. Let t(m) = 42*m**2 + 20*m - 30. Is t(g) composite?
True
Let p(c) = c + 499. Let d = -36 - -41. Let q(s) = 3*s - 15. Let t be q(d). Is p(t) a composite number?
False
Let y(s) = 96*s**3 - 6*s**2 + 14*s - 6. Let m be y(4). Is 14/((-252)/(-27))*m/3 a prime number?
True
Suppose -14 = -5*u + 46. Suppose -u*m - 101286 = -30*m. Is m a composite number?
True
Let i be (-4)/12*3*-31. Let t = i - 29. Suppose -158 - 254 = -2*d + 2*n, 5*d = -t*n + 1002. Is d a prime number?
False
Let w be (1 - 3)*(3/3 - -19). Let s = 36 + w. Is (-2 - s)/(4/1086) prime?
False
Suppose -387*b - 7163583 = -394*b. Is b a composite number?
True
Let l(u) = 25*u**2 + 17*u - 13. Let b be l(23). Suppose -5*s = -b - 19362. Is s a composite number?
True
Suppose 5 = 4*r - 5*b + 12, -4*b = -5*r - 2. Suppose 0 = -17*v + 19 - r. Is (2 - v) + 264*2 a prime number?
False
Suppose 263*l - 278*l + 4875405 = 0. Is l composite?
False
Let p = 62 + -59. Suppose -n + 2*n + 1 = 0, -p*f + 4*n + 10 = 0. Suppose f*j = 4*m + j - 2051, 4*j = 20. Is m a prime number?
False
Let s = 25 - 22. Suppose -u + 5 = 2*m, -3*u = s*m - 0*u. Suppose 0 = n - m*z - 1239, -3*z = -2*n + z + 2466. Is n composite?
False
Suppose -12*d + 6*d = -198. Suppose 0 = -3*u - d*u + 1908. Is u prime?
True
Let p(g) = -26*g**2 + 95*g + 4. Let a(l) = 52*l**2 - 190*l - 6. Let q(f) = -2*a(f) - 5*p(f). Is q(-7) a prime number?
True
Suppose -13151 - 14065 = 12*a. Let n = a + 5665. Is n a composite number?
True
Let g(n) = 255*n**3 - 14*n**2 + 14*n + 3. Let o(v) = -85*v**3 + 5*v**2 - 5*v - 1. Let h(u) = -4*g(u) - 11*o(u). Is h(-1) prime?
False
Suppose 0 = -4*b + 4*n + 1243496, 401886 = -4*b - n + 1645377. Is b a composite number?
True
Suppose k - 16 = -4*d - 3*k, -4*k = 0. Let t be (246/(-16)*-2)/((-1)/d). Let h = t + 190. Is h composite?
False
Suppose -6*g + 16 = 2*g. Suppose 3*f = -p + 853, -1440 = f - 6*f + g*p. Suppose 7*m = 9*m - f. Is m composite?
True
Is (3 + -1)*(-956837)/(-42)*3 a prime number?
True
Let h(l) = 120*l**2 + 12*l - 11. Suppose a + r = 3, -a - 7*r + 5*r = -1. Is h(a) composite?
False
Suppose -3*l = -m - 1, 4*l = 6*l + 3*m - 19. Suppose l*t = 69 + 501. Suppose -433 = -3*g + 4*u, -3*g + 142 = 2*u - t. Is g a prime number?
False
Let a = 45 - 63. Let s(k) = 39*k**2 + 23*k - 29. Is s(a) a composite number?
True
Suppose -5*t = x - 10713 - 3707, t + 2 = 0. Suppose -6*a - x - 8232 = 0. Is 2/((-6)/a - (0 + 0)) prime?
True
Let o be 3/(((-18)/(-115724))/(36/42)). Suppose 0 = -9*i + o + 4573. Suppose u - 6*u = -2*d + 1594, 0 = 3*d + 4*u - i. Is d a composite number?
False
Let p = 146 + -142. Suppose p*s - 3208 = 3*t + 7219, 3*s = -4*t + 7839. Is s composite?
False
Suppose 10 = 2*x - 4*a, 8*x - 4*x + 2*a = 30. Suppose -6002 = -x*r - 1585. Is r composite?
False
Let n(i) = 3845*i**2 - 260*i + 1254. Is n(5) a prime number?
True
Suppose 6*y - 22 = 5*y. Let p = y + -18. Suppose p*g + 2291 = 3*x - 348, -10 = 5*g. Is x a composite number?
False
Is 58040 + ((-5)/25)/((-14)/(-490)) a composite number?
True
Suppose -2022823 - 111233 = -24*r. Is r prime?
True
Suppose 0 = -3*f + 22 - 16. Suppose -750 = -3*c - 3*z, f*z = 3*z + 4. Suppose 4*u = 6*u - c. Is u a prime number?
True
Is 327486 + (3/(-24)*-16 - (2 + 1)) prime?
False
Let l(u) = -u**3 - 10*u**2 - 54*u - 345. Is l(-20) a prime number?
False
Is 438226/(-51)*(-6)/4 composite?
False
Let s be (-2)/(-7) + 416/112. Suppose -2*d - 3496 = -5*z - 21190, -s*d = -4*z - 35412. Is d a composite number?
True
Suppose 19*s - 24*s = 3*x - 26, 0 = 3*x + 3*s - 24. Suppose 6 - 15 = -3*j. Suppose j*w + 6004 = x*w. Is w a prime number?
False
Let k be (-7)/(-7) + -4 - 419. Is ((-7)/14 + 0)*k a composite number?
False
Suppose 8*k - 34800 = -24*k - 8*k. Suppose 2*b - 2023 = -n - 2*b, -4007 = -2*n + 5*b. Let g = n - k. Is g composite?
True
Suppose -2*b + 7*b - 1715 = 0. Let a = b + -224. Suppose 2*w = j + a + 940, 4*j = 2*w - 1062. Is w prime?
False
Let o = 6 + -3. Let n(u) = 14*u + 115. Let r be n(-8). Suppose r*k = o, -p + 3023 = -0*k + 4*k. Is p a prime number?
True
Let l(j) = 91 - 63*j - 156*j + 420*j + 357*j. Is l(8) composite?
True
Suppose -8*f = 70 + 42. Let h(i) = -5*i**3 + 5*i**2 - 18*i - 29. Is h(f) a composite number?
False
Suppose 5*t - 3*d - 268 = 0, d - 60 = 5*t - 6*t. Let a be (-4)/(-10) + (t/10 - -1). Suppose 0 = -6*k + 203 + a. Is k a composite number?
True
Let q(r) = r**3 + 17*r**2 + 14*r - 34. Let w be q(-16). Let t be 3 - (-2)/(w - -4)*13. Is t/(-56) - (-5511)/7 prime?
True
Suppose -5 = 3*j + 4*h + 4, -2*j - 4 = 2*h. Let b(r) = 4*r**2 - r + 2. Let v be b(j). Is (-4069)/(-52) - v/4 prime?
False
Suppose